number?
False
Is 2293 a composite number?
False
Is 20135 prime?
False
Is 1462894 composite?
True
Is 21089 a composite number?
False
Is 17401 a prime number?
True
Is 546509 prime?
True
Is 405541 a composite number?
False
Is 2395 composite?
True
Is 49163 a prime number?
False
Is 55379 a composite number?
True
Is 539281 composite?
True
Is 15619 a composite number?
False
Is 7522 composite?
True
Is 3943 composite?
False
Is 1445801 composite?
True
Is 2089979 a prime number?
True
Is 1693 a prime number?
True
Is 1943 composite?
True
Is 1773917 a prime number?
True
Is 50845 a prime number?
False
Is 6801 prime?
False
Is 40087 a composite number?
False
Is 106163 a prime number?
True
Is 2599 composite?
True
Is 47189 a prime number?
True
Is 528343 composite?
True
Is 2609 composite?
False
Is 5305 a composite number?
True
Is 342833 prime?
True
Is 303395 prime?
False
Is 43447 a prime number?
False
Is 15853 a prime number?
False
Is 473545 a prime number?
False
Is 429599 composite?
False
Is 10211 a prime number?
True
Is 106817 prime?
False
Is 558485 prime?
False
Is 389933 a composite number?
True
Is 2112683 composite?
False
Is 174913 composite?
True
Is 93629 a prime number?
True
Is 148637 a prime number?
False
Is 71471 a composite number?
False
Is 11299 composite?
False
Is 2333 prime?
True
Is 147397 composite?
False
Is 37139 a composite number?
False
Is 20389 a prime number?
True
Is 511 prime?
False
Is 401651 a composite number?
False
Is 15814 a composite number?
True
Is 74063 a prime number?
False
Is 30395 prime?
False
Is 34313 a composite number?
False
Is 182333 a composite number?
False
Is 2203 prime?
True
Is 15949 a composite number?
True
Is 126943 a prime number?
True
Is 74063 a composite number?
True
Is 129341 a prime number?
True
Is 45211 a composite number?
True
Is 150473 a composite number?
False
Is 12311 a prime number?
False
Is 36659 composite?
True
Is 10427 prime?
True
Is 251911 a composite number?
True
Is 506973 a prime number?
False
Is 76501 composite?
True
Is 43391 a prime number?
True
Is 4137659 composite?
False
Is 46439 a prime number?
True
Is 4201 a prime number?
True
Is 13943 composite?
True
Is 321355 a prime number?
False
Is 3016945 a prime number?
False
Is 2095 composite?
True
Is 437909 a prime number?
True
Is 5077 a composite number?
False
Is 532711 composite?
True
Is 3643 a composite number?
False
Is 6779 prime?
True
Is 38891 a prime number?
True
Is 211863 prime?
False
Is 6757 a composite number?
True
Is 147973 a composite number?
True
Is 62 a composite number?
True
Is 7403779 composite?
True
Is 21559 prime?
True
Is 60281 a composite number?
True
Is 297359 composite?
False
Is 518327 composite?
False
Is 96749 composite?
False
Is 11897 composite?
False
Is 142333 prime?
False
Is 11987 prime?
True
Is 56081 composite?
False
Is 3662 a composite number?
True
Is 8501 composite?
False
Is 1250873 composite?
True
Is 11197 a prime number?
True
Is 1738727 a prime number?
True
Is 2629 prime?
False
Is 668407 prime?
True
Is 521 a composite number?
False
Is 75479 a composite number?
False
Is 199 composite?
False
Is 3991 a composite number?
True
Is 25841 a composite number?
False
Is 55102 composite?
True
Is 23509 composite?
False
Is 183023 composite?
False
Is 1343 composite?
True
Is 1412153 prime?
True
Is 61001 composite?
False
Is 821 a prime number?
True
Is 27849 composite?
True
Is 29899 a composite number?
True
Is 579467 a composite number?
True
Is 54361 prime?
True
Is 959 a prime number?
False
Is 1673563 composite?
False
Is 101341 a prime number?
True
Is 167113 a prime number?
True
Is 60739 prime?
False
Is 73121 prime?
True
Is 323943 composite?
True
Is 242185 a prime number?
False
Is 464887 a composite number?
True
Is 130443 composite?
True
Is 180463 a composite number?
False
Is 3251 a prime number?
True
Is 629 composite?
True
Is 752279 a composite number?
True
Is 41793 prime?
False
Is 4451 prime?
True
Is 364295 a composite number?
True
Is 40673 a prime number?
False
Is 20861 composite?
True
Is 39449 a composite number?
True
Is 148007 composite?
True
Is 97421 prime?
False
Is 5737 a prime number?
True
Is 579619 composite?
True
Is 32601 a composite number?
True
Is 2390629 composite?
True
Is 13577 prime?
True
Is 318979 prime?
True
Is 19283 a prime number?
False
Is 589733 prime?
False
Is 353743 composite?
True
Is 143053 a composite number?
False
Is 241985 composite?
True
Is 20707 prime?
True
Is 308663 a prime number?
True
Is 3457 prime?
True
Is 96917 composite?
True
Is 2221 a composite number?
False
Is 911 a prime number?
True
Is 24619 prime?
False
Is 879 prime?
False
Is 2192873 a prime number?
True
Is 31721 composite?
False
Is 5809 prime?
False
Is 65733 a prime number?
False
Is 865889 prime?
True
Is 18251 a prime number?
True
Is 1111 prime?
False
Is 7751 a prime number?
False
Is 21647 a prime number?
True
Is 202307 a prime number?
False
Is 655807 a prime number?
True
Is 18839 a composite number?
False
Is 2462579 composite?
True
Is 914761 prime?
False
Is 13577 a composite number?
False
Is 15937 a prime number?
True
Is 9193 a composite number?
True
Is 246559 a prime number?
False
Is 7631 prime?
False
Is 318299 prime?
True
Is 48065 prime?
False
Is 5077 a composite number?
False
Is 406117 a prime number?
True
Is 425591 prime?
True
Is 49151 composite?
True
Is 18947 composite?
False
Is 58165 composite?
True
Is 267 composite?
True
Is 15907 a composite number?
False
Is 20873 a prime number?
True
Is 21001 composite?
False
Is 50359 prime?
True
Is 309383 composite?
True
Is 1366 a composite number?
True
Is 75283 a prime number?
False
Is 1130359 composite?
False
Is 339661 a composite number?
True
Is 304631 prime?
True
Is 10239 a composite number?
True
Is 49363 a composite number?
False
Is 104573 composite?
True
Is 3057 composite?
True
Is 298 a composite number?
True
Is 492103 a composite number?
False
Is 1130705 a prime number?
False
Is 643877 prime?
False
Is 74123 a prime number?
False
Is 5899 a prime number?
False
Is 13099 prime?
True
Is 1183121 a prime number?
True
Is 474745 composite?
True
Is 296819 a composite number?
False
Is 7343 composite?
True
Is 5747 composite?
True
Is 2455 composite?
True
Is 532309 a prime number?
False
Is 147853 composite?
False
Is 2719 composite?
False
Is 41437 prime?
False
Is 437219 composite?
False
Is 1355791 composite?
True
Is 310577 a prime number?
True
Is 63059 prime?
True
Is 27949 composite?
True
Is 186241 composite?
True
Is 452399 composite?
True
Is 219017 prime?
True
Is 197203 a prime number?
True
Is 567439 composite?
False
Is 351413 prime?
True
Is 210449 a prime number?
False
Is 5155159 a composite number?
False
Is 146501 a composite number?
True
Is 1400989 prime?
True
Is 9343 prime?
True
Is 776357 a prime number?
True
Is 8467 prime?
True
Is 13643 prime?
False
Is 16663 composite?
True
Is 1709 a composite number?
False
Is 102283 prime?
False
Is 21763 composite?
True
Is 11677 composite?
False
Is 24571 composite?
False
Is 72347 a composite number?
True
Is 16217 a composite number?
False
Is 1027 a prime number?
False
Is 27929 prime?
False
Is 58262 composite?
True
Is 1135513 a composite number?
False
Is 147703 composite?
False
Is 47711 a composite number?
False
Is 867539 a prime number?
False
Is 5501 composite?
False
Is 38689 a composite number?
True
Is 10421 a prime number?
False
Is 25997 a composite number?
False
Is 48467 composite?
True
Is 362629 composite?
False
Is 163109 composite?
False
Is 8111 prime?
True
Is 579053 a composite number?
False
Is 1182887 composite?
True
Is 310081 composite?
False
Is 2273641 a prime number?
False
Is 323822 prime?
False
Is 9527 a composite number?
True
Is 582151 a composite number?
True
Is 25667 composite?
False
Is 125593 prime?
False
Is 19643 composite?
True
Is 299315 a prime number?
False
Is 131 composite?
False
Is 12197 prime?
True
Is 179311 composite?
True
Is 28913 composite?
True
Is 1146541 a prime number?
False
Is 220189 a prime number?
True
Is 59666 composite?
True
Is 222773 a composite number?
False
Is 214141 composite?
False
Is 3709 a composite number?
False
Is 879143 composite?
False
Is 832211 a composite number?
False
Is 4725295 composite?
True
Is 37211 composite?
True
Is 540103 prime?
False
Is 73729 a composite number?
True
Is 356249 prime?
False
Is 716779 a prime number?
False
Is 39